111011101?
1100010000101110010110
In base 6, what is 11522243 - 23?
11522220
In base 3, what is 1021012222 - 202120?
1020110102
In base 7, what is -3364450 - -452?
-3363665
In base 13, what is 2069 - -133?
219c
In base 7, what is -130150613 - 1?
-130150614
In base 11, what is -3 - -a021095?
a021092
In base 7, what is -11620111313 - 0?
-11620111313
In base 12, what is 5 + 22a1777?
22a1780
In base 4, what is -31332131031 + 101?
-31332130330
In base 14, what is 35 + -bac02c?
-babdd7
In base 3, what is -120102 - -12100200001?
12100002122
In base 14, what is -1 - 1a5cc3?
-1a5cc4
In base 4, what is 33121112 - 220010?
32301102
In base 7, what is 121311036 + 4?
121311043
In base 13, what is ab038b + 4?
ab0392
In base 7, what is -6 + 353062313?
353062304
In base 14, what is 83408 + 165?
8356d
In base 7, what is 426604610 - 1?
426604606
In base 2, what is -101000001 + 101010110101?
100101110100
In base 6, what is 430322202 + 52?
430322254
In base 5, what is 22130313121 - 41?
22130313030
In base 5, what is 0 + 202232004431?
202232004431
In base 2, what is -10111 + -1010110111011111010001?
-1010110111011111101000
In base 8, what is 6 + 660457?
660465
In base 16, what is 1030 - 22cd?
-129d
In base 9, what is 6 + 25181816?
25181823
In base 8, what is 5 + -12317427?
-12317422
In base 5, what is -2 - -4430110310?
4430110303
In base 9, what is 3303515 + -2?
3303513
In base 15, what is -1e96ae3 - -29?
-1e96ab9
In base 2, what is -1000101110100 - -10000111100000?
1000001101100
In base 10, what is -40382 - -152?
-40230
In base 7, what is 4 - -616443443?
616443450
In base 12, what is -1 + 1024a92?
1024a91
In base 14, what is 458 + -80c3d?
-807c5
In base 12, what is -23a2b79 - -3?
-23a2b76
In base 5, what is 121244410 - -1100?
121301010
In base 11, what is 519754 - -3a?
519793
In base 7, what is -133552200 - -4?
-133552163
In base 11, what is 16794035 + -2?
16794033
In base 13, what is -819 - -282c?
2013
In base 5, what is -24 + -11142432?
-11143011
In base 10, what is -36860030 - 11?
-36860041
In base 9, what is -1 - 2628505?
-2628506
In base 7, what is 2 - -2330201?
2330203
In base 3, what is 22022 + 1002101112222?
1002101212021
In base 11, what is -aa105 - -a04?
-a9201
In base 12, what is 371b9344 - 2?
371b9342
In base 5, what is -14221 - 112421?
-132142
In base 16, what is d67bfd - 4b?
d67bb2
In base 6, what is -4350251511 - 2?
-4350251513
In base 7, what is -12540 + 1550510?
1534640
In base 12, what is 408 + -12b4?
-aa8
In base 9, what is -3504 - 401570?
-405174
In base 16, what is -20 - 44c8f0?
-44c910
In base 3, what is 121022201021 - 121010?
121022010011
In base 10, what is -50571392 + -1?
-50571393
In base 10, what is 12 - 3576221?
-3576209
In base 3, what is 0 + 12112100010?
12112100010
In base 4, what is 112020131 - -2?
112020133
In base 4, what is 202 + 211301033031?
211301033233
In base 6, what is -5534 + 1010?
-4524
In base 8, what is 1 + -13630232?
-13630231
In base 3, what is 1001000101220210012 - 11?
1001000101220210001
In base 16, what is -2f4cf765 + -5?
-2f4cf76a
In base 7, what is -113 + 12024344?
12024231
In base 13, what is 5018 - -65?
5080
In base 9, what is -1015724 - 52?
-1015776
In base 5, what is 1033314 - -400243?
1434112
In base 2, what is -100000110110001011101100 + 1100010?
-100000110110001010001010
In base 5, what is -12134224 - 120?
-12134344
In base 14, what is -17 - 22ca88?
-22caa1
In base 9, what is -358 + 43068?
42610
In base 15, what is -4948 + -35?
-497d
In base 2, what is -100001111111110010111 - -1110101111?
-100001111101111101000
In base 15, what is 2a62 + 1a94?
4606
In base 4, what is -3323001012121 + -3?
-3323001012130
In base 6, what is 0 + 4541531342?
4541531342
In base 4, what is 13331221023 + 0?
13331221023
In base 7, what is -2 - -346021130?
346021125
In base 8, what is 1 - 4405570?
-4405567
In base 11, what is -6 + 1041677?
1041671
In base 9, what is 10074 + -278?
8685
In base 14, what is -3c95896 + 9?
-3c9588b
In base 10, what is -859758 + 303?
-859455
In base 16, what is -5a - -7d9cc?
7d972
In base 7, what is 11120 + -26300?
-15150
In base 6, what is -34113512 + 2322?
-34111150
In base 2, what is 100000001 - 101111101001000011?
-101111100101000010
In base 8, what is -113246026 + 5?
-113246021
In base 12, what is 146a0 + -b?
14691
In base 11, what is -13479099 - -1?
-13479098
In base 16, what is -3c5 - -244?
-181
In base 8, what is 4 - 343105033?
-343105027
In base 16, what is -5b + 1addfd?
1adda2
In base 7, what is -2124 + 15403?
13246
In base 4, what is -1332231 - 103100?
-2101331
In base 11, what is 191921 - 31?
1918a0
In base 10, what is -11638 - -36?
-11602
In base 3, what is 10001 + -2010210100?
-2010200022
In base 14, what is 53a1c60 - -1?
53a1c61
In base 5, what is -24243 + -14342222?
-14422020
In base 15, what is 9477d99 + 2?
9477d9b
In base 6, what is -33151450 - -113?
-33151333
In base 11, what is 226a3 - 365?
22339
In base 4, what is -11 + 21120203311?
21120203300
In base 10, what is -26 - 2982737?
-2982763
In base 13, what is 11133 - -103?
11236
In base 6, what is 11 + -131302302?
-131302251
In base 7, what is -250 + 4602201?
4601621
In base 3, what is 111111020211202210 + -10?
111111020211202200
In base 9, what is 3875 - -50774?
54760
In base 5, what is 21213242 + -211?
21213031
In base 7, what is -2 + -114221665?
-114222000
In base 2, what is -1011111001 - -101000011?
-110110110
In base 7, what is 2012 + 5426064?
5431106
In base 11, what is -50 + -51150?
-511a0
In base 3, what is -12 - 212210000100110?
-212210000100122
In base 14, what is 5 - 27c1bc?
-27c1b7
In base 10, what is 1104297 + 4?
1104301
In base 14, what is 139159 - 0?
139159
In base 6, what is -13 + -1515241312?
-1515241325
In base 2, what is 10111101100 + 100111101011000110?
101000000010110010
In base 13, what is -5 - -12a530?
12a528
In base 2, what is -1110101111111100001000 + -100?
-1110101111111100001100
In base 8, what is -43522 - 13105?
-56627
In base 8, what is -24257447 - -61?
-24257366
In base 2, what is -1111 + 11110101000110100111110?
11110101000110100101111
In base 10, what is -92476 + -211?
-92687
In base 15, what is 34 + -83c66?
-83c32
In base 10, what is -301591 + 8?
-301583
In base 15, what is a11 - -321a?
3c2b
In base 7, what is 225401133 - 14?
225401116
In base 13, what is -2b0c155 + -9?
-2b0c161
In base 12, what is -4 - 27389b7?
-27389bb
In base 14, what is -299 - 6b3a?
-6dd5
In base 13, what is -34 - -2446b?
24437
In base 8, what is -4 - 710512?
-710516
In base 12, what is 0 + 244687?
244687
In base 13, what is -10393b47a + 3?
-10393b477
In base 7, what is 120 + 1151132?
1151252
In base 12, what is -29 - 519224?
-519251
In base 4, what is 211003 + 30213033?
31030102
In base 10, what is 10 - -3008293?
3008303
In base 15, what is 173 - 3059?
-2dd6
In base 7, what is -134654 - -234?
-134420
In base 2, what is 1100101100111111011 - 10111011?
1100101100101000000
In base 15, what is -9e7c8c - 2c?
-9e7cb9
In base 3, what is 1122110211102 - -11?
1122110211120
In base 14, what is 0 - -2808982?
2808982
In base 13, what is -28a11bc - 3?
-28a11c2
In base 5, what is 1440324423 - -130?
1440330103
In base 2, what is -111101000000111011 - 10111010001?
-111101011000001100
In base 16, what is -1718722a + 3?
-17187227
In base 15, what is -7 - 18b7d7a?
-18b7d82
In base 15, what is -10806 - -209?
-105ec
In base 16, what is -4fa4bb + -63?
-4fa51e
In base 16, what is 573 - -1e72?
23e5
In base 9, what is -1534 + 101136?
88502
In base 12, what is -11773 + -439?
-11bb0
In base 3, what is 1022 - -120121221011?
120121222110
In base 3, what is -11 - -221022121121010?
221022121120222
In base 2, what is 100100011001010100110 + -111?
100100011001010011111
In base 2, what is 1101110010 + -11000011000101?
-10110101010011
In base 14, what is -34d6a87b - -3?
-34d6a878
In base 15, what is -14a0 + be2?
-7ad
In base 9, what is 5 - -5631318?
5631324
In base 10, what is -2357570 - 7?
-2357577
In base 4, what is -230313 - -1132031?
301112
In base 15, what is 4a9e + 24d?
4cec
In base 13, what is 81b + -2339?
-181b
In base 16, what is 2f6d00 + -30?
2f6cd0
In base 15, what is -d + -275700a?
-2757018
In base 8, what is 661 - 140427?
-137546
In base 3, what is 20211110 - -110221?
21022101
In base 12, what is 4911 + -40?
4891
In base 16, what is -10 - -49031?
4